1210.
2, 5, 10504121
List the prime factors of 142893731.
179, 761, 1049
List the prime factors of 292053654.
2, 3, 37, 146173
What are the prime factors of 165000003?
3, 7, 1122449
What are the prime factors of 43174351?
11, 31, 126611
What are the prime factors of 50477319?
3, 19, 211, 1399
List the prime factors of 1796676891.
3, 67, 401, 22291
What are the prime factors of 324322594?
2, 162161297
List the prime factors of 16973837.
17, 58733
What are the prime factors of 108007491?
3, 36002497
List the prime factors of 212174408.
2, 79, 335719
What are the prime factors of 3069167196?
2, 3, 23, 11120171
What are the prime factors of 2013858095?
5, 4007, 100517
List the prime factors of 359590.
2, 5, 7, 11, 467
List the prime factors of 2742632438.
2, 7, 13, 211, 71419
List the prime factors of 134185935.
3, 5, 13, 688133
List the prime factors of 1734839956.
2, 97, 4471237
What are the prime factors of 23407672?
2, 1483, 1973
List the prime factors of 81585100.
2, 5, 815851
What are the prime factors of 4950170283?
3, 29, 3581, 15889
List the prime factors of 36079996.
2, 113, 79823
List the prime factors of 53461601.
1291, 41411
List the prime factors of 71122527.
3, 7, 293, 3853
List the prime factors of 1664458074.
2, 3, 29, 3188617
List the prime factors of 343113882.
2, 3, 353, 161999
What are the prime factors of 608510?
2, 5, 7, 8693
What are the prime factors of 16505091?
3, 19, 263, 367
List the prime factors of 94003181.
29, 3241489
What are the prime factors of 390364357?
281, 857, 1621
List the prime factors of 19597512.
2, 3, 11, 19, 3907
What are the prime factors of 52787361?
3, 11, 1599617
List the prime factors of 270534311.
17, 137, 116159
What are the prime factors of 61142391?
3, 67, 73, 463
What are the prime factors of 1889639537?
2789, 677533
What are the prime factors of 310554555?
3, 5, 17, 1217861
List the prime factors of 49559440.
2, 5, 7, 88499
What are the prime factors of 2065874179?
2065874179
What are the prime factors of 171102197?
7, 24443171
List the prime factors of 647607980.
2, 5, 31, 1044529
What are the prime factors of 260291302?
2, 173, 752287
List the prime factors of 1541915219.
13, 118608863
What are the prime factors of 53736851?
7, 103, 74531
List the prime factors of 57043769.
103, 521, 1063
What are the prime factors of 150560046?
2, 3, 7, 13, 1459
What are the prime factors of 35305938?
2, 3, 1961441
What are the prime factors of 413454251?
7, 563, 104911
List the prime factors of 160787560.
2, 5, 4019689
What are the prime factors of 569474991?
3, 31, 2041129
List the prime factors of 330280879.
17, 59, 329293
List the prime factors of 257219417.
7, 13, 131, 21577
What are the prime factors of 83306293?
7, 257, 46307
What are the prime factors of 68333431?
68333431
List the prime factors of 200746278.
2, 3, 11152571
List the prime factors of 350926617.
3, 23, 5085893
List the prime factors of 540186876.
2, 3, 15005191
What are the prime factors of 86976004?
2, 21744001
List the prime factors of 1399715899.
23, 107, 607, 937
What are the prime factors of 205614856?
2, 25701857
List the prime factors of 34445712.
2, 3, 7, 31, 3307
What are the prime factors of 504284117?
271, 487, 3821
What are the prime factors of 60441526?
2, 1201, 25163
List the prime factors of 1582262612.
2, 7, 113, 500083
List the prime factors of 168728782.
2, 23, 101, 1579
What are the prime factors of 210114491?
210114491
What are the prime factors of 142569841?
53, 2689997
List the prime factors of 3565340173.
2837, 1256729
What are the prime factors of 718510576?
2, 7, 17, 377369
What are the prime factors of 198319662?
2, 3, 23, 61, 7853
What are the prime factors of 223775385?
3, 5, 311, 47969
List the prime factors of 4660965250.
2, 5, 18643861
List the prime factors of 28770922.
2, 14385461
List the prime factors of 137406018.
2, 3, 22901003
What are the prime factors of 369797027?
369797027
What are the prime factors of 366523961?
17, 37, 151, 227
What are the prime factors of 2200993713?
3, 103, 2374319
What are the prime factors of 1460346290?
2, 5, 13, 11233433
List the prime factors of 465259691.
13, 35789207
What are the prime factors of 92355319?
7, 13193617
List the prime factors of 910958941.
910958941
List the prime factors of 1791226576.
2, 43, 919, 2833
What are the prime factors of 999910016?
2, 7, 89, 12539
What are the prime factors of 29861102?
2, 89, 167759
List the prime factors of 110758811.
431, 256981
What are the prime factors of 1353641581?
199, 6802219
What are the prime factors of 3440778493?
3221, 1068233
What are the prime factors of 455614838?
2, 7, 101, 191, 241
List the prime factors of 167448763.
23, 31, 234851
What are the prime factors of 634401389?
1697, 373837
List the prime factors of 591164394.
2, 3, 98527399
List the prime factors of 74870217.
3, 2772971
What are the prime factors of 52057026?
2, 3, 7, 17, 8101
What are the prime factors of 379016995?
5, 7, 911, 11887
What are the prime factors of 53890726?
2, 19, 809, 1753
What are the prime factors of 189204346?
2, 31, 127, 24029
List the prime factors of 2188652490.
2, 3, 5, 37, 53, 12401
What are the prime factors of 60585548?
2, 15146387
What are the prime factors of 24353435?
5, 17, 23, 12457
List the prime factors of 748153542.
2, 3, 29, 37, 79, 1471
What are the prime factors of 632780962?
2, 11, 41, 701531
What are the prime factors of 113972220?
2, 3, 5, 401, 1579
List the prime factors of 237283783.
11, 67, 29269
What are the prime factors of 2415746471?
151, 15998321
List the prime factors of 3030934090.
2, 5, 241, 449, 2801
What are the prime factors of 125912198?
2, 62956099
What are the prime factors of 176140324?
2, 44035081
List the prime factors of 136965506.
2, 23, 129457
List the prime factors of 488095090.
2, 5, 7, 6972787
What are the prime factors of 2069098422?
2, 3, 67, 73, 70507
What are the prime factors of 8444497?
827, 10211
List the prime factors of 212329542.
2, 3, 2389, 14813
List the prime factors of 19190681.
1307, 14683
What are the prime factors of 246293348?
2, 7, 17, 47, 101, 109
List the prime factors of 108035654.
2, 947, 57041
What are the prime factors of 1913285661?
3, 7, 91108841
What are the prime factors of 309698808?
2, 3, 12904117
List the prime factors of 525466519.
241, 421, 5179
List the prime factors of 83383289.
11, 7580299
What are the prime factors of 1127907946?
2, 11, 53, 877, 1103
What are the prime factors of 774305809?
11383, 68023
What are the prime factors of 474124053?
3, 13, 12157027
List the prime factors of 491216392.
2, 61402049
What are the prime factors of 38199882?
2, 3, 7, 909521
List the prime factors of 4622138717.
7, 7177, 92003
What are the prime factors of 1659589760?
2, 5, 59, 43951
What are the prime factors of 1759419013?
11, 14540653
List the prime factors of 978448950.
2, 3, 5, 724777
What are the prime factors of 257742969?
3, 11, 233, 33521
What are the prime factors of 293630373?
3, 10875199
List the prime factors of 688965550.
2, 5, 7, 13, 53, 2857
What are the prime factors of 99727116?
2, 3, 8310593
What are the prime factors of 642971145?
3, 5, 1129, 37967
What are the prime factors of 33619437?
3, 53, 70481
List the prime factors of 246080271.
3, 43, 1907599
What are the prime factors of 31377007?
53, 592019
List the prime factors of 18741129.
3, 11, 37, 15349
What are the prime factors of 38018343?
3, 11, 1152071
List the prime factors of 187771882.
2, 41, 2289901
List the prime factors of 205249167.
3, 271, 28051
What are the prime factors of 1270375508?
2, 29, 61, 179533
What are the prime factors of 866944001?
7, 11, 151, 173, 431
List the prime factors of 49192154.
2, 11, 2236007
What are the prime factors of 5517264041?
5517264041
List the prime factors of 4335550371.
3, 41, 11749459
What are the prime factors of 277644883?
277644883
List the prime factors of 47607707.
7, 6801101
List the prime factors of 301759475.
5, 53, 227743
What are the prime factors of 5960745?
3, 5, 7, 127, 149
List the prime factors of 2947875566.
2, 18341, 80363
List the prime factors of 132523136.
2, 89, 11633
List the prime factors of 517887264.
2, 3, 173, 31183
List the prime factors of 2333945606.
2, 17, 68645459
List the prime factors of 6000